{"id":340,"date":"2017-11-25T00:54:19","date_gmt":"2017-11-24T23:54:19","guid":{"rendered":"http:\/\/www.knetfeder.de\/kkpwp\/?page_id=340"},"modified":"2023-11-10T17:41:13","modified_gmt":"2023-11-10T16:41:13","slug":"dissertation","status":"publish","type":"page","link":"https:\/\/knetfeder.de\/kkpwp\/dissertation\/","title":{"rendered":"Dissertation"},"content":{"rendered":"<h3 style=\"text-align: center;\">Lerch, Melanie: <em>Die fr\u00fche Eltern-Kind-Beziehung in Elternratgebern<\/em><br \/>\n<em>Relevanz und Analyse der Vermittlung von bindungstheoretischen<\/em><br \/>\n<em>Konzepten und Erkenntnissen der Eltern-S\u00e4uglings-Interaktionsforschung<br \/>\n<\/em>Berlin 2016.<em><br \/>\n<\/em><\/h3>\n<p>Im Rahmen meiner Promotion am Fachbereich Erziehungswissenschaft und Psychologie der Freien Universit\u00e4t Berlin entstand die Dissertation mit oben genanntem Titel. Die Arbeit stellt eine Weiterentwicklung meiner unver\u00f6ffentlichten Diplomarbeit mit dem Titel &#8220;<em>Die fr\u00fche Eltern-Kind-Beziehung und ihr Stellenwert in Elternratgebern : Zur Relevanz einer elterngerechten Vermittlung von\u00a0 bindungstheoretischen Konzepten und Erkenntnissen der Eltern-S\u00e4uglings-Interaktionsforschung<\/em>&#8221; (Lerch 2005) dar. Das aus der Diplomarbeit hervorgegangene<a href=\"https:\/\/www.knetfeder.de\/kkpwp\/eltern-kind-beziehung\/\"><strong> Elternratgeberkapitel &#8221; Die fr\u00fche Eltern-Kind-Beziehung &#8211; Bindungsaufbau im allt\u00e4glichen Austausch&#8221; ist an anderer Stelle dieser Homepage <\/strong><\/a>ver\u00f6ffentlicht.<\/p>\n<p><a href=\"https:\/\/www.knetfeder.de\/kkpwp\/product\/pdf-dissertation-die-fruehe-eltern-kind-beziehung-in-elternratgebern\/\"><img decoding=\"async\" loading=\"lazy\" class=\"alignleft wp-image-707 size-full\" src=\"https:\/\/www.knetfeder.de\/kkpwp\/wp-content\/uploads\/2017\/11\/kaufen.gif\" alt=\"Gesamte Arbeit als PDF im Shop downloaden - zahle, was es Dir wert ist (zwischen 1 und 5 Euro)!\" width=\"89\" height=\"81\" srcset=\"https:\/\/knetfeder.de\/kkpwp\/wp-content\/uploads\/2017\/11\/kaufen.gif 89w, https:\/\/knetfeder.de\/kkpwp\/wp-content\/uploads\/2017\/11\/kaufen-31x28.gif 31w, https:\/\/knetfeder.de\/kkpwp\/wp-content\/uploads\/2017\/11\/kaufen-38x35.gif 38w\" sizes=\"(max-width: 89px) 100vw, 89px\" \/><\/a><\/p>\n<h3><a href=\"https:\/\/www.knetfeder.de\/kkpwp\/product\/pdf-dissertation-die-fruehe-eltern-kind-beziehung-in-elternratgebern\/\"><span style=\"color: #a0a046;\">Die gesamte Dissertation (418 Seiten) kann als PDF-Download im Shop erworben werden &#8211; zahle, was sie Dir wert ist (zwischen 15 und 50 Euro)!<\/span><\/a><\/h3>\n<h3><span style=\"color: #a0a046;\">Zusammenfassung\/Abstract<\/span><\/h3>\n<div class=\"wp_box_gruen\">Die vorliegende Arbeit m\u00f6chte ausgehend von Forschungsergebnissen der Bindungs- und S\u00e4uglingsforschung die M\u00f6glichkeiten einer entwicklungspsychologisch korrekten Aufkl\u00e4rung von Eltern mittels Elternliteratur beurteilen und in Form eines Leitfadens f\u00fcr Autoren zur Erstellung einer bindungsf\u00f6rderlichen Elternratgeberschrift umsetzen.<br \/>\nEine umfassende Auseinandersetzung mit der die gegenw\u00e4rtige Forschung zur fr\u00fchen Eltern-Kind-Beziehung grundlegend beeinflussenden Bindungstheorie nach Bowlby und Ainsworth sowie eine Einbeziehung von Ergebnissen aus dem Bereich der modernen S\u00e4uglingsforschung bilden die Basis f\u00fcr eine Diskussion der Frage, welche Aspekte der fr\u00fchen Eltern-Kind-Beziehung in der Elternliteratur im optimalen Fall behandelt werden sollten. Eine charakterisierende, historische und kritische Auseinandersetzung mit dem Genre des Elternratgebers zieht zudem Schlussfolgerungen f\u00fcr die didaktisch-methodische und formale Gestaltung von Elternliteratur.<br \/>\nSieben Elternratgebertexte wurden mittels Qualitativer Inhaltsanalyse nach Mayring auf Stellenwert, Schwerpunkte und Qualit\u00e4t der Thematik der fr\u00fchen Eltern-Kind-Beziehung analysiert, darunter der zeitgem\u00e4\u00dfe Klassiker \u201eBabyjahre\u201c von Largo, die Berliner Elternbriefe sowie ein thematisch auf die fr\u00fche Eltern-Kind-Beziehung spezialisiertes Buch von Kirkilionis.<br \/>\nDie f\u00fcr die zeitgem\u00e4\u00dfen f\u00fcnf Elternratgeber zwischen sehr gut und gut liegenden Analyseergebnisse zeigen, dass die untersuchten Elternratgeber zwar in unterschiedlichem Ausma\u00df, aber doch insgesamt viele Aspekte aus dem Themenbereich der fr\u00fchen Eltern-Kind-Beziehung behandeln. Hierzu geh\u00f6ren neben der Verbreitung angemessener Auffassungen \u00fcber die Kompetenzen des S\u00e4uglings und der Eltern und ihres Zusammenspiels in der fr\u00fchen Interaktion ebenso die Beschreibung und Empfehlung feinf\u00fchligen Elternverhaltens und eine Erl\u00e4uterung weiterer bedeutender Konzepte und Forderungen der Bindungstheorie.<br \/>\nDer Grundgedanke der Unerl\u00e4sslichkeit zuverl\u00e4ssiger emotionaler Zuwendung im S\u00e4uglingsalter kommt in den Ausf\u00fchrungen dieser Elternratgeber durchaus zum Ausdruck, die Gesamtaussage speziell der Bindungstheorie im Sinne einer wissenschaftlich fundierten Aufkl\u00e4rung jedoch erscheint in ihrer elterngerechten Vermittlung verbesserungsf\u00e4hig. So werden bedeutsame Erkenntnisse der Bindungsforschung entweder ausgeklammert oder wenig eindr\u00fccklich am Rande und ohne thematische Koh\u00e4renz behandelt, wie beispielsweise die Entstehung verschiedener Bindungsmuster und ihrer Konsequenzen f\u00fcr die Pers\u00f6nlichkeitsentwicklung, die Bedeutung der Kind-Vater-Bindung und Fragen fr\u00fcher Fremdbetreuung.<br \/>\nAbgeleitet aus der Diskussion des theoretischen Bezugsrahmens einerseits und den Untersuchungsergebnissen andererseits wurde daher ein Leitfaden erstellt, der die Abfassung einer Elternratgeberschrift erm\u00f6glicht, welche die Bedeutung fr\u00fcher emotionaler Beziehungen zwischen Kleinstkind und Eltern unter Bezugnahme auf wissenschaftlich abgesicherte Erkenntnisse der Bindungs- und S\u00e4uglingsforschung auf elterngerechte Weise aufzeigt, ohne die \u00fcblichen M\u00e4ngel von Elternratgebern zu reproduzieren. Ein solcher Ratgeber kann einen Beitrag zur fr\u00fchen Pr\u00e4vention von beziehungsbedingten St\u00f6rungen der Entwicklung von Kleinkindern leisten.<\/div>\n<div><\/div>\n<div>\n<div class=\"wp_box_gruen\"><\/div>\n<p><a href=\"https:\/\/www.knetfeder.de\/kkpwp\/product\/pdf-dissertation-die-fruehe-eltern-kind-beziehung-in-elternratgebern\/\"><img decoding=\"async\" loading=\"lazy\" class=\"alignleft wp-image-707 size-full\" src=\"https:\/\/www.knetfeder.de\/kkpwp\/wp-content\/uploads\/2017\/11\/kaufen.gif\" alt=\"Gesamte Arbeit als PDF im Shop downloaden - zahle, was es Dir wert ist (zwischen 1 und 5 Euro)!\" width=\"89\" height=\"81\" srcset=\"https:\/\/knetfeder.de\/kkpwp\/wp-content\/uploads\/2017\/11\/kaufen.gif 89w, https:\/\/knetfeder.de\/kkpwp\/wp-content\/uploads\/2017\/11\/kaufen-31x28.gif 31w, https:\/\/knetfeder.de\/kkpwp\/wp-content\/uploads\/2017\/11\/kaufen-38x35.gif 38w\" sizes=\"(max-width: 89px) 100vw, 89px\" \/><\/a><\/p>\n<h3><a href=\"https:\/\/www.knetfeder.de\/kkpwp\/product\/pdf-dissertation-die-fruehe-eltern-kind-beziehung-in-elternratgebern\/\"><span style=\"color: #a0a046;\">Die gesamte Dissertation (418 Seiten) kann als PDF-Download im Shop erworben werden &#8211; zahle, was sie Dir wert ist (zwischen 15 und 50 Euro)!<\/span><\/a><\/h3>\n<\/div>\n","protected":false},"excerpt":{"rendered":"<p>Lerch, Melanie: Die fr\u00fche Eltern-Kind-Beziehung in Elternratgebern Relevanz und Analyse der Vermittlung von bindungstheoretischen Konzepten und Erkenntnissen der Eltern-S\u00e4uglings-Interaktionsforschung Berlin 2016. Im Rahmen meiner Promotion am Fachbereich Erziehungswissenschaft und Psychologie der Freien Universit\u00e4t Berlin entstand die Dissertation mit oben genanntem Titel. Die Arbeit stellt eine Weiterentwicklung meiner unver\u00f6ffentlichten Diplomarbeit mit dem Titel &#8220;Die fr\u00fche Eltern-Kind-Beziehung &hellip; <\/p>\n<p><a class=\"more-link btn\" href=\"https:\/\/knetfeder.de\/kkpwp\/dissertation\/\">Continue reading<\/a><\/p>\n","protected":false},"author":1,"featured_media":0,"parent":0,"menu_order":0,"comment_status":"open","ping_status":"closed","template":"","meta":[],"_links":{"self":[{"href":"https:\/\/knetfeder.de\/kkpwp\/wp-json\/wp\/v2\/pages\/340"}],"collection":[{"href":"https:\/\/knetfeder.de\/kkpwp\/wp-json\/wp\/v2\/pages"}],"about":[{"href":"https:\/\/knetfeder.de\/kkpwp\/wp-json\/wp\/v2\/types\/page"}],"author":[{"embeddable":true,"href":"https:\/\/knetfeder.de\/kkpwp\/wp-json\/wp\/v2\/users\/1"}],"replies":[{"embeddable":true,"href":"https:\/\/knetfeder.de\/kkpwp\/wp-json\/wp\/v2\/comments?post=340"}],"version-history":[{"count":17,"href":"https:\/\/knetfeder.de\/kkpwp\/wp-json\/wp\/v2\/pages\/340\/revisions"}],"predecessor-version":[{"id":3000,"href":"https:\/\/knetfeder.de\/kkpwp\/wp-json\/wp\/v2\/pages\/340\/revisions\/3000"}],"wp:attachment":[{"href":"https:\/\/knetfeder.de\/kkpwp\/wp-json\/wp\/v2\/media?parent=340"}],"curies":[{"name":"wp","href":"https:\/\/api.w.org\/{rel}","templated":true}]}}