{"id":2967,"date":"2023-11-10T12:34:05","date_gmt":"2023-11-10T11:34:05","guid":{"rendered":"https:\/\/www.knetfeder.de\/kkpwp\/?post_type=product&#038;p=2967"},"modified":"2023-12-14T13:19:13","modified_gmt":"2023-12-14T12:19:13","slug":"pdf-hausarbeit-hirnforschung-und-paedagogik","status":"publish","type":"product","link":"https:\/\/knetfeder.de\/kkpwp\/product\/pdf-hausarbeit-hirnforschung-und-paedagogik\/","title":{"rendered":"PDF Hausarbeit &#8220;Hirnforschung und P\u00e4dagogik&#8221;"},"content":{"rendered":"<p>PDF der wissenschaftlichen Hausarbeit &#8220;Hirnforschung und P\u00e4dagogik : Aktuelle Erkenntnisse der Hirnforschung nach Wolf Singer und ihre p\u00e4dagogischen Konsequenzen.&#8221; von Melanie Lerch (2003) &#8211;\u00a0 24 Seiten.<\/p>\n<p><strong><span style=\"color: #ff0000;\">ACHTUNG<\/span>: Mit dem Kauf dieser PDF-Datei geht <span style=\"color: #ff0000;\">keine<\/span> \u00fcber die private Nutzung hinausgehende Nutzungsgenehmigung einher! Weitergabe und kommerzielle Nutzung sind untersagt. Das Ausdrucken der Datei ist nicht m\u00f6glich.<\/strong><\/p>\n<p><em><strong>W\u00e4hlen Sie oben rechts den Preis aus, den Ihnen dieser Artikel wert ist (Zwischen 1,00 \u20ac und 5,00 \u20ac), klicken Sie auf &#8220;In den Warenkorb&#8221; und gehen Sie dann weiter zur Kasse.<br \/>\nNachdem Sie an der Kasse eine Zahlungsart (Vorkasse oder PayPal) gew\u00e4hlt und die Bestellung abgeschlossen haben, erhalten Sie zun\u00e4chst eine Best\u00e4tigungsmail, der Sie auch die Zahlungsdaten entnehmen k\u00f6nnen.<span style=\"color: #ff0000;\"> In einer weiteren Mail erhalten Sie den Downloadlink der Datei, sobald Ihre Zahlung eingegangen ist!<\/span> Der Link ist ab Versand 3 Tage lang g\u00fcltig.<\/strong><\/em><\/p>\n<h3>Inhalt und Auszug:<\/h3>\n<p><strong>Inhaltsverzeichnis<\/strong><\/p>\n<div class=\"wp_box_gruen\">\n<p><strong>1.\u00a0\u00a0\u00a0\u00a0\u00a0\u00a0\u00a0\u00a0\u00a0\u00a0\u00a0 Einleitung<\/strong><\/p>\n<p><strong>2.\u00a0\u00a0\u00a0\u00a0\u00a0\u00a0\u00a0\u00a0\u00a0\u00a0 Ausgew\u00e4hlte Ergebnisse der Hirnforschung<\/strong><br \/>\n2.1\u00a0\u00a0\u00a0\u00a0\u00a0\u00a0\u00a0 Das Bindungsproblem<br \/>\n2.2\u00a0\u00a0\u00a0\u00a0\u00a0\u00a0\u00a0 Wissensquellen des Gehirns<br \/>\n2.3\u00a0\u00a0\u00a0\u00a0\u00a0\u00a0\u00a0 Zum Verh\u00e4ltnis zwischen Natur- und Geisteswissenschaften<\/p>\n<p><strong>3.\u00a0\u00a0\u00a0\u00a0\u00a0\u00a0\u00a0\u00a0\u00a0 P\u00e4dagogische Konsequenzen der erfahrungsabh\u00e4ngigen Hirnentwicklung<\/strong><br \/>\n<b><\/b><\/p>\n<p><b>4.\u00a0\u00a0\u00a0\u00a0\u00a0\u00a0\u00a0\u00a0 Zusammenfassung und Stellungsnahme<br \/>\n<\/b><\/p>\n<p><b>Literaturverzeichnis<\/b><\/p>\n<p><strong>Einleitung<\/strong><\/p>\n<p>Die \u201cbiologische Aufkl\u00e4rung\u201d (SCHEUNPFLUG 2001, S. 9) der Geistes- und Sozialwissenschaften schreitet zwar allm\u00e4hlich fort, aber noch stehen der Akzeptanz der Biowissenschaften als Bezugsdisziplin der P\u00e4dagogik Missverst\u00e4ndnisse und Vorurteile entgegen, die h\u00e4ufig einen erkenntnistheoretisch fruchtbaren Dialog der Wissensbereiche verhindern.<\/p>\n<p>Dabei h\u00e4lt beispielsweise die Hirnforschung aufschlussreiche neurophysiologische Erkenntnisse \u00fcber die menschliche kognitive und emotionale Entwicklung bereit, die gerade f\u00fcr die P\u00e4dagogik von Bedeutung sein k\u00f6nnen. Voraussetzung f\u00fcr die p\u00e4dagogische Nutzbarkeit dieser Erkenntnisse ist allerdings die geisteswissenschaftliche Diskussion biologischer Einsichten, um die Folgen der Einbeziehung der Neurobiologie in Fragen der Erziehung und Sozialisation sowie in das sozialwissenschaftliche Menschenbild einsch\u00e4tzen und abw\u00e4gen zu k\u00f6nnen.<\/p>\n<p>Nicht nur das geisteswissenschaftliche Interesse an der Hirnforschung hat zugenommen, sondern auch das gesellschaftliche.\u00a0 Gr\u00fcnde hierf\u00fcr sind zum einen die medizinischen Perspektiven, die Heilung von Geistes- und Gem\u00fctskrankheiten (Schizophrenie, Depression, Alzheimer u. v. a.) versprechen, sowie zum anderen das Interesse an Systemen mit &#8220;k\u00fcnstlicher Intelligenz&#8221;, die z. Z. noch weit davon entfernt sind, F\u00e4higkeiten des menschlichen Gehirns erzeugen zu k\u00f6nnen (vgl. SINGER 2002, S. 34 ff.)<\/p>\n<p>Die Hirnforschung bildet also einen zukunftsweisenden Wissenschaftsbereich, dem zunehmende Akzeptanz und Interesse sowohl in der Wissenschaft als auch in der Gesellschaft entgegengebracht werden.<\/p>\n<p>Der angesehene deutsche Hirnforscher und Direktor des Max-Planck-Instituts f\u00fcr Hirnforschung in Frankfurt a. M., Wolf SINGER, f\u00fchrt in seinem Essay-Band \u201cDer Beobachter im Gehirn\u201d (SINGER 2002) in die wichtigsten Erkenntnisse der Hirnforschung ein und zeigt dabei Schnittstellen auf, an denen sich Natur- und Geisteswissenschaften treffen (sollten).<\/p>\n<p>In den vierzehn unabh\u00e4ngig voneinander entstandenen Beitr\u00e4gen des Bandes thematisiert SINGER insbesondere drei Problemkomplexe der Hirnforschung. Ein Komplex behandelt die Frage nach dem titelgebenden \u201cBeobachter im Gehirn\u201d, d. h. danach, wie das menschliche Gehirn organisiert ist, wie es seine Umwelt interpretiert und wie es auf sie zu reagieren in der Lage ist. Der zweite Schwerpunkt des Buches liegt auf der Bedeutung, die der Interaktion zwischen Umwelt und Gehirn f\u00fcr dessen ontogenetische Entwicklung zukommt. Schlie\u00dflich tritt SINGER in einem dritten Themenkomplex argumentativ f\u00fcr einen interdisziplin\u00e4ren Dialog zwischen den Natur- und Geisteswissenschaften ein, der durch den Entwurf von Br\u00fcckentheorien und Metasprachen erm\u00f6glicht werden sollte.<\/p>\n<p>In dieser Arbeit m\u00f6chte ich einige der von SINGER in seinem oben genannten Buch bearbeiteten Erkenntnisse der Hirnforschung darlegen sowie ihre Implikationen f\u00fcr die P\u00e4dagogik herausstellen, um mich abschlie\u00dfend mit ihnen kritisch auseinander zu setzen.<\/p>\n<p>Aufgrund der Komplexit\u00e4t des Themenbereiches wird an dieser Stelle auf eine Darstellung der grundlegenden Kenntnisse \u00fcber Aufbau und Funktionsweise des Gehirns verzichtet, obwohl diese meinen Ausf\u00fchrungen selbstverst\u00e4ndlich zugrunde liegen.<\/p>\n<p>Zun\u00e4chst folgt in Kapitel 2 die Zusammenfassung der oben genannten drei Themenkomplexe des Buches von Wolf SINGER: Kapitel 2.1 behandelt das Bindungsproblem, das sich mit der Frage nach einem Konvergenzzentrum im Gehirn befasst. In Kapitel 2.2 werden die f\u00fcr diese erziehungswissenschaftliche Seminararbeit besonders bedeutenden Erkenntnisse \u00fcber die Erfahrungsabh\u00e4ngigkeit der Hirnentwicklung referiert. Kapitel 2.3 besch\u00e4ftigt sich mit SINGERS Bearbeitung der aus seiner Sicht w\u00fcnschenswerten Interdisziplinarit\u00e4t von natur- und geisteswissenschaftlichen Forschungsgebieten.<\/p>\n<p>Kapitel 3 schlie\u00dflich behandelt die Implikationen der zuvor geschilderten erfahrungsabh\u00e4ngigen Hirnentwicklung f\u00fcr die Erziehung und Bildung von Kindern bis zur Pubert\u00e4t. Hierbei werden neben \u201cDer Beobachter im Gehirn\u201d auch andere einschl\u00e4gige Texte von SINGER in die Darstellung einbezogen.<\/p>\n<p>Den Abschluss dieser Arbeit bilden die Zusammenfassung der vorherigen Kapitel sowie meine Stellungnahme zur p\u00e4dagogischen Bedeutsamkeit neurophysiologischer Einsichten und ihrer Anwendungsm\u00f6glichkeiten.<\/p>\n<\/div>\n","protected":false},"excerpt":{"rendered":"<p>Hausarbeit &#8220;Hirnforschung und P\u00e4dagogik&#8221; von Melanie Lerch (2003) als downloadbares gesch\u00fctztes PDF, 24 Seiten.<\/p>\n","protected":false},"featured_media":2977,"template":"","meta":[],"product_cat":[66],"product_tag":[],"_links":{"self":[{"href":"https:\/\/knetfeder.de\/kkpwp\/wp-json\/wp\/v2\/product\/2967"}],"collection":[{"href":"https:\/\/knetfeder.de\/kkpwp\/wp-json\/wp\/v2\/product"}],"about":[{"href":"https:\/\/knetfeder.de\/kkpwp\/wp-json\/wp\/v2\/types\/product"}],"wp:featuredmedia":[{"embeddable":true,"href":"https:\/\/knetfeder.de\/kkpwp\/wp-json\/wp\/v2\/media\/2977"}],"wp:attachment":[{"href":"https:\/\/knetfeder.de\/kkpwp\/wp-json\/wp\/v2\/media?parent=2967"}],"wp:term":[{"taxonomy":"product_cat","embeddable":true,"href":"https:\/\/knetfeder.de\/kkpwp\/wp-json\/wp\/v2\/product_cat?post=2967"},{"taxonomy":"product_tag","embeddable":true,"href":"https:\/\/knetfeder.de\/kkpwp\/wp-json\/wp\/v2\/product_tag?post=2967"}],"curies":[{"name":"wp","href":"https:\/\/api.w.org\/{rel}","templated":true}]}}