{"id":3023,"date":"2023-11-15T16:55:01","date_gmt":"2023-11-15T15:55:01","guid":{"rendered":"https:\/\/www.knetfeder.de\/kkpwp\/?post_type=product&#038;p=3023"},"modified":"2025-04-06T13:22:56","modified_gmt":"2025-04-06T11:22:56","slug":"pdf-hausarbeit-sozialisation-als-habitualisierung","status":"publish","type":"product","link":"https:\/\/knetfeder.de\/kkpwp\/product\/pdf-hausarbeit-sozialisation-als-habitualisierung\/","title":{"rendered":"PDF Hausarbeit &#8220;Sozialisation als Habitualisierung&#8221;"},"content":{"rendered":"<p>PDF der wissenschaftlichen Hausarbeit &#8220;Sozialisation als Habitualisierung : Darstellung des Habituskonzeptes nach Pierre Bourdieu.&#8221; von Melanie Lerch (2001) &#8211;\u00a0 16 Seiten.<\/p>\n<p><strong><span style=\"color: #ff0000;\">ACHTUNG<\/span>: Mit dem Kauf dieser PDF-Datei geht <span style=\"color: #ff0000;\">keine<\/span> \u00fcber die private Nutzung hinausgehende Nutzungsgenehmigung einher! Weitergabe und kommerzielle Nutzung sind untersagt. Das Ausdrucken der Datei ist nicht m\u00f6glich.<\/strong><\/p>\n<p><em><strong>W\u00e4hlen Sie oben rechts den Preis aus, den Ihnen dieser Artikel wert ist (Zwischen 1,00 \u20ac und 5,00 \u20ac), klicken Sie auf &#8220;In den Warenkorb&#8221; und gehen Sie dann weiter zur Kasse.<br \/>\nNachdem Sie an der Kasse eine Zahlungsart (Vorkasse oder PayPal) gew\u00e4hlt und die Bestellung abgeschlossen haben, erhalten Sie zun\u00e4chst eine Best\u00e4tigungsmail, der Sie auch die Zahlungsdaten entnehmen k\u00f6nnen.<span style=\"color: #ff0000;\"> In einer weiteren Mail erhalten Sie den Downloadlink der Datei, sobald Ihre Zahlung eingegangen ist!<\/span> Der Link ist ab Versand 3 Tage lang g\u00fcltig.<\/strong><\/em><\/p>\n<h3>Inhalt und Auszug:<\/h3>\n<p><strong>Inhaltsverzeichnis<\/strong><\/p>\n<div class=\"wp_box_gruen\">\n<p><strong>1.\u00a0\u00a0\u00a0\u00a0\u00a0\u00a0\u00a0\u00a0\u00a0\u00a0 \u00a0 \u00a0\u00a0\u00a0 Einleitung<\/strong><\/p>\n<p><strong>2.\u00a0\u00a0\u00a0\u00a0\u00a0\u00a0\u00a0\u00a0\u00a0 \u00a0 \u00a0 \u00a0 Grundlegende Annahmen Pierre Bourdieus<\/strong><br \/>\n2.1\u00a0\u00a0\u00a0\u00a0\u00a0\u00a0\u00a0\u00a0\u00a0\u00a0\u00a0 Sozialisation \u00fcber Habitualisierung<br \/>\n2.2 \u00a0\u00a0\u00a0\u00a0\u00a0\u00a0\u00a0\u00a0\u00a0\u00a0 Klassentheorie<br \/>\n2.3 \u00a0\u00a0\u00a0 \u00a0 \u00a0 \u00a0\u00a0 Kapitaltheorie<\/p>\n<p><b>3.\u00a0\u00a0\u00a0\u00a0\u00a0\u00a0\u00a0\u00a0\u00a0\u00a0\u00a0\u00a0\u00a0 Stellungsnahme<br \/>\n<\/b><\/p>\n<p><b>Literaturverzeichnis<\/b><\/p>\n<\/div>\n<p><strong><em>Einleitung<\/em><\/strong><\/p>\n<div class=\"wp_box_gruen\">\n<p>Der franz\u00f6sische Sozialwissenschaftler Pierre Bourdieu hat in umfangreicher empirischer Arbeit Lebensstile von Menschen in der Gesellschaft analysiert. Mit seinen Untersuchungen versucht Bourdieu darzulegen, dass das Leben und die Pers\u00f6nlichkeit des Einzelnen von dessen gesellschaftlicher Klassenzugeh\u00f6rigkeit bestimmt sind. Aus seinen Erkenntnissen entwickelte Bourdieu das Habituskonzept. Dieses kann u. a. als Sozialisationstheorie begriffen werden (obwohl Bourdieu selbst diese Richtung nicht weiter verfolgt hat), da der Mensch, so Bourdieu, seinen Lebensstil, seine Selbst- und Weltanschauung im Verlauf seines Aufwachsens in der sozialen Gruppe aus dieser \u00fcbernimmt. Das Individuum internalisiert die Kultur, in der es aufw\u00e4chst und wird so zum Mittr\u00e4ger dieser Kultur; es reproduziert den geltenden Habitus seiner sozialen Schicht.<br \/>\nDer Habitus der Familie des Aufwachsenden wiederum ist Bourdieu zufolge gepr\u00e4gt durch die gesellschaftliche Stellung der Familie, welche von der famili\u00e4r verf\u00fcgbaren Menge an den drei von Bourdieu postulierten Kapitalarten abh\u00e4ngig ist.<\/p>\n<p>Im Folgenden soll zun\u00e4chst der theoretische Grundansatz Bourdieus \u2013 das Habituskonzept \u2013 rekonstruiert werden.<br \/>\nAnschlie\u00dfend werden die Klassen- und die Kapitaltheorie des Sozialwissenschaftlers im Hinblick auf ihre Verkn\u00fcpfung mit der Habitustheorie erl\u00e4utert.<br \/>\nDen Abschluss dieser Arbeit bildet meine Stellungnahme zum Thema.<\/p>\n<\/div>\n<p>&nbsp;<\/p>\n","protected":false},"excerpt":{"rendered":"<p>Hausarbeit &#8220;Sozialisation als Habitualisierung&#8221; von Melanie Lerch (2001) als downloadbares gesch\u00fctztes PDF, 16 Seiten.<\/p>\n","protected":false},"featured_media":3033,"template":"","meta":[],"product_brand":[],"product_cat":[66],"product_tag":[],"class_list":{"0":"post-3023","1":"product","2":"type-product","3":"status-publish","4":"has-post-thumbnail","6":"product_cat-texte","7":"nodate","8":"item-wrap","10":"first","11":"instock","12":"shipping-taxable","13":"purchasable","14":"product-type-variable"},"_links":{"self":[{"href":"https:\/\/knetfeder.de\/kkpwp\/wp-json\/wp\/v2\/product\/3023","targetHints":{"allow":["GET"]}}],"collection":[{"href":"https:\/\/knetfeder.de\/kkpwp\/wp-json\/wp\/v2\/product"}],"about":[{"href":"https:\/\/knetfeder.de\/kkpwp\/wp-json\/wp\/v2\/types\/product"}],"wp:featuredmedia":[{"embeddable":true,"href":"https:\/\/knetfeder.de\/kkpwp\/wp-json\/wp\/v2\/media\/3033"}],"wp:attachment":[{"href":"https:\/\/knetfeder.de\/kkpwp\/wp-json\/wp\/v2\/media?parent=3023"}],"wp:term":[{"taxonomy":"product_brand","embeddable":true,"href":"https:\/\/knetfeder.de\/kkpwp\/wp-json\/wp\/v2\/product_brand?post=3023"},{"taxonomy":"product_cat","embeddable":true,"href":"https:\/\/knetfeder.de\/kkpwp\/wp-json\/wp\/v2\/product_cat?post=3023"},{"taxonomy":"product_tag","embeddable":true,"href":"https:\/\/knetfeder.de\/kkpwp\/wp-json\/wp\/v2\/product_tag?post=3023"}],"curies":[{"name":"wp","href":"https:\/\/api.w.org\/{rel}","templated":true}]}}